
Is 10081 prime?
False
Is 1837 a composite number?
True
Is 150373 prime?
True
Is 2902843 composite?
True
Is 12106 a composite number?
True
Is 168247 a prime number?
True
Is 79967 composite?
False
Is 1935991 prime?
True
Is 33431 prime?
False
Is 601319 a composite number?
False
Is 70639 a composite number?
False
Is 13093 prime?
True
Is 29411 composite?
False
Is 47365 prime?
False
Is 9673 a prime number?
False
Is 44947 a composite number?
True
Is 93169 composite?
False
Is 54029 composite?
True
Is 91331 a composite number?
False
Is 1008109 prime?
False
Is 1261 composite?
True
Is 520159 a prime number?
False
Is 2437 composite?
False
Is 2279 prime?
False
Is 64217 a composite number?
False
Is 232111 a composite number?
True
Is 369899 a composite number?
True
Is 154519 prime?
False
Is 8009 a prime number?
True
Is 39419 a prime number?
True
Is 104881 a prime number?
False
Is 32051 a composite number?
False
Is 207287 composite?
False
Is 16183 a composite number?
False
Is 1184519 prime?
False
Is 94771 a composite number?
False
Is 15121 prime?
True
Is 21557 a prime number?
True
Is 18965 prime?
False
Is 99679 a prime number?
True
Is 5086 composite?
True
Is 55477 a composite number?
True
Is 1149 a prime number?
False
Is 131899 a prime number?
True
Is 787 a prime number?
True
Is 15479 a prime number?
False
Is 28907 composite?
True
Is 124379 a composite number?
True
Is 143729 a prime number?
True
Is 7717 a prime number?
True
Is 21005 a composite number?
True
Is 184241 prime?
True
Is 1585 a composite number?
True
Is 81407 a composite number?
True
Is 14867 composite?
False
Is 647477 composite?
False
Is 449 composite?
False
Is 58787 composite?
False
Is 152597 a composite number?
False
Is 5042 prime?
False
Is 88777 a composite number?
True
Is 21254 composite?
True
Is 96581 a composite number?
False
Is 2924563 a prime number?
False
Is 246227 prime?
False
Is 636403 composite?
False
Is 673 prime?
True
Is 1020599 prime?
True
Is 205703 prime?
True
Is 209927 composite?
False
Is 869 a prime number?
False
Is 531091 prime?
False
Is 12601 prime?
True
Is 259613 composite?
True
Is 174749 a composite number?
False
Is 2515 a prime number?
False
Is 2463 composite?
True
Is 1278493 prime?
True
Is 61879 composite?
False
Is 88202 a composite number?
True
Is 74794 prime?
False
Is 73991 composite?
True
Is 66205 a composite number?
True
Is 707881 a composite number?
True
Is 14369 prime?
True
Is 853 prime?
True
Is 602029 a prime number?
True
Is 37771 prime?
False
Is 89617 a prime number?
False
Is 1753801 a composite number?
True
Is 99379 composite?
True
Is 112741 a prime number?
True
Is 21337 a composite number?
True
Is 9127 composite?
False
Is 2594 a prime number?
False
Is 4169 a composite number?
True
Is 217573 a prime number?
True
Is 2609 a prime number?
True
Is 53017 a composite number?
False
Is 193423 a prime number?
True
Is 296281 a prime number?
False
Is 46195 prime?
False
Is 9017 composite?
True
Is 352523 a prime number?
True
Is 1019639 a composite number?
False
Is 10113 a composite number?
True
Is 1159999 a prime number?
False
Is 7911971 a prime number?
True
Is 647303 composite?
False
Is 67717 a prime number?
False
Is 588989 composite?
True
Is 54617 prime?
True
Is 317197 prime?
True
Is 5598533 a prime number?
True
Is 157721 a prime number?
True
Is 11731 a prime number?
True
Is 62119 a composite number?
False
Is 2927 prime?
True
Is 115631 a composite number?
False
Is 20127 a prime number?
False
Is 19223 a composite number?
True
Is 310243 prime?
True
Is 22229 a composite number?
False
Is 795679 a prime number?
True
Is 869 prime?
False
Is 1191 composite?
True
Is 35569 composite?
False
Is 171677 prime?
False
Is 5449 a composite number?
False
Is 12641 a composite number?
False
Is 1105283 composite?
True
Is 3424981 a composite number?
True
Is 1019363 prime?
False
Is 548267 a composite number?
True
Is 37403 composite?
True
Is 5227 prime?
True
Is 25867 prime?
True
Is 127567 prime?
False
Is 878 a prime number?
False
Is 97649 composite?
False
Is 16199 composite?
True
Is 291077 a prime number?
True
Is 19373 prime?
True
Is 2132569 composite?
True
Is 4777 a composite number?
True
Is 178721 a composite number?
True
Is 226667 prime?
False
Is 97 a prime number?
True
Is 30499 prime?
False
Is 390458 a prime number?
False
Is 6953 prime?
False
Is 25439 a prime number?
True
Is 171433 prime?
False
Is 216347 composite?
False
Is 2008037 a prime number?
False
Is 3827 prime?
False
Is 1540783 a composite number?
False
Is 125653 a prime number?
False
Is 100241 a prime number?
False
Is 49081 a composite number?
False
Is 321539 composite?
True
Is 53401 a prime number?
True
Is 588047 a prime number?
False
Is 77879 a prime number?
False
Is 49807 composite?
False
Is 7609 prime?
False
Is 223087 a prime number?
True
Is 2123 prime?
False
Is 9791 prime?
True
Is 17291 a prime number?
True
Is 396001 a prime number?
True
Is 12071 composite?
False
Is 4177 a prime number?
True
Is 92921 a composite number?
False
Is 26421 a composite number?
True
Is 1739 composite?
True
Is 136093 prime?
True
Is 29147 composite?
False
Is 14699 a composite number?
False
Is 564089 a composite number?
False
Is 158293 a prime number?
True
Is 12323 composite?
False
Is 473009 composite?
False
Is 15917 prime?
False
Is 6047 prime?
True
Is 42319 prime?
False
Is 177739 prime?
True
Is 10747 prime?
False
Is 107441 a prime number?
True
Is 4583 prime?
True
Is 10581 a composite number?
True
Is 7669 a prime number?
True
Is 4049 a prime number?
True
Is 4703 prime?
True
Is 5981 a composite number?
False
Is 269081 composite?
True
Is 7639 a composite number?
False
Is 141467 a composite number?
True
Is 434953 prime?
False
Is 133883 prime?
False
Is 83203 a prime number?
True
Is 23979 a composite number?
True
Is 1399 prime?
True
Is 3989 a prime number?
True
Is 927709 a prime number?
True
Is 54287 a prime number?
True
Is 17957 a composite number?
False
Is 48917 a prime number?
False
Is 9859 prime?
True
Is 264631 composite?
False
Is 5773 a prime number?
False
Is 3641 a composite number?
True
Is 68933 a composite number?
True
Is 395767 a prime number?
True
Is 332421 composite?
True
Is 48947 composite?
False
Is 212479 composite?
False
Is 7169 a composite number?
True
Is 4078 a composite number?
True
Is 305849 prime?
True
Is 47459 a composite number?
False
Is 247337 a prime number?
True
Is 126137 a prime number?
False
Is 3403 a composite number?
True
Is 115897 a prime number?
False
Is 3427 a prime number?
False
Is 184594 prime?
False
Is 131237 a composite number?
True
Is 108131 composite?
False
Is 1186807 composite?
False
Is 89147 a composite number?
True
Is 414503 a composite number?
False
Is 677717 composite?
False
Is 14879 prime?
True
Is 13657 a composite number?
True
Is 30373 a composite number?
True
Is 3143 a composite number?
True
Is 199447 prime?
True
Is 1787507 a composite number?
True
Is 431 a composite number?
False
Is 450409 a prime number?
False
Is 25439 composite?
False
Is 249919 a composite number?
True
Is 15161 composite?
False
Is 397 a composite number?
False
Is 484951 a composite number?
False
Is 862183 a prime number?
False
Is 646669 prime?
True
Is 72613 prime?
True
Is 54254 prime?
False
Is 5303 prime?
True
Is 156263 a composite number?
True
Is 2870247 prime?
False
Is 308249 composite?
False
Is 333769 a composite number?
False
Is 158903 a composite number?
True
Is 6131 prime?
True
Is 96043 prime?
True
Is 87085 prime?
False
Is 1501 composite?
True
Is 216563 a prime number?
False
Is 1978393 a prime number?
True
Is 26193 a prime number?
False
Is 26591 a composite number?
False
Is 17657 composite?
False
Is 74771 prime?
True
Is 7351 composite?
False
Is 43477 a prime number?
False
Is 48151 a composite number?
True
Is 1277 a composite number?
False
Is 8999 a composite number?
False
Is 514967 a composite number?
False
Is 394843 composite?
True
Is 7173901 composite?
True
Is 39257 composite?
True
Is 92431 a composite number?
False
Is 33401 composite?
True
Is 54083 prime?
True
Is 96137 prime?
True
Is 4409 composite?
False
Is 6373 prime?
True
Is 25523 composite?
False
Is 1847 a composite number?
False
Is 22111 a composite number?
False
Is 1726 a prime number?
False
Is 146417 composite?
False
Is 111821 a prime number?
True
Is 611651 prime?
False
Is 10909 